 What are the prime factors of s?
11
Let y(a) = 2*a - 9. Let l be y(8). Let h = l - -3. What are the prime factors of h?
2, 5
Let t(r) = -2*r - 13. List the prime factors of t(-13).
13
Suppose 3*s + 3*w = 27, -1 + 7 = -2*s + 4*w. Let n = 10 - s. List the prime factors of n.
5
Suppose 3*u = 1 - 7. Let a = 13 + u. What are the prime factors of a?
11
Suppose 87 - 5 = 2*n. Let i = -11 + n. What are the prime factors of i?
2, 3, 5
Suppose 0*w - 3*w + 2*d - 11 = 0, 2*w + 4*d = 14. Let k be (2 - (w + -1)) + -2. Suppose 0*l - 32 = -4*b + 4*l, 4*b - 44 = -k*l. List the prime factors of b.
2, 5
Let o = 166 - 67. What are the prime factors of o?
3, 11
Let c(y) = -y**2 + 6*y - 2. Let s be c(5). Let b be 3/(-9) + 25/s. Suppose 2*l = 4 + b. What are the prime factors of l?
2, 3
Let g(x) = x**2 + 10*x + 4. Let i be g(-10). Suppose 3*j + z + i*z = 21, 0 = -j + 3*z + 7. List the prime factors of j.
7
Suppose 3*v = -1 + 13. Suppose 0 = -x - v*y + 2*y + 21, 2*x = -3*y + 40. What are the prime factors of x?
17
Let m(n) = -n**3 - 4*n**2 - 2*n - 4. Let l be m(-4). Suppose -l*i - 105 = -7*i. List the prime factors of i.
5, 7
Suppose -3*f = w - 132, 0 = -w + 5*f + 98 + 66. List the prime factors of w.
2, 3
Suppose 14*n - 180 = 13*n. What are the prime factors of n?
2, 3, 5
Suppose -2*x = 4 + 2. What are the prime factors of ((-1)/x)/((-3)/(-90))?
2, 5
Let g = 233 + -156. Suppose -4*p + 5*u + g = 0, 3*u = -3*p - 0*u + 24. List the prime factors of p.
13
What are the prime factors of 154*1 + 0/15?
2, 7, 11
Let t be -2 - (3 + 3 + -8). Suppose t = -l + 4*w + 22, -l - 5*w + 66 = 2*l. What are the prime factors of l?
2, 11
What are the prime factors of (-1053)/26*16/(-6)?
2, 3
Let w = 10 - -2. Let t(x) = -7*x + w*x + 6*x**2 - 7 - x**2 + 4*x**2 + x**3. What are the prime factors of t(-8)?
17
Suppose 0 = t - 4 + 2. Suppose 2*c - 3*f + 2 = 0, 5*c - 5*f + 5 = -0. What are the prime factors of (4 + c - t)*7?
7
Let q(m) = -m**2 - 12*m + 23. What are the prime factors of q(-12)?
23
Let x be ((-78)/(-18))/((-2)/6). What are the prime factors of 24*(x/(-3) + -3)?
2
Let u be 1/((-1)/(-4)) - 0. Suppose -1 = p - 3*i - 0, -4*p - u*i = -76. List the prime factors of p.
2, 7
Suppose 3*t = -4 - 8. What are the prime factors of (-90)/(-25)*(-30)/t?
3
Suppose 72 = 5*g - 123. List the prime factors of g.
3, 13
Let s(j) = j**3 + 10*j**2 + 10*j + 1. What are the prime factors of s(-8)?
7
Let d(k) = 9*k + 22. What are the prime factors of d(12)?
2, 5, 13
Let j(f) = 2*f**2 + 11. List the prime factors of j(-6).
83
What are the prime factors of (-3)/(-4)*(8 - -36)?
3, 11
Let a be 2 - 0 - 1 - -4. Let y = 22 - a. What are the prime factors of y?
17
Suppose -5*a + t = -3*t + 72, 5*t = -a - 26. What are the prime factors of 16/(-6)*228/a?
2, 19
Let l(n) = n**3 - 5*n**2 - 5*n - 5. Let p be l(6). What are the prime factors of 27 + -3*(0 - p)?
2, 3, 5
Suppose 0*j + 6 = 3*j. Suppose 0 = -5*x - 2*w + 4*w + 36, j*x - 5*w = 27. List the prime factors of x.
2, 3
Suppose 6 + 4 = 2*c. Suppose 4*v - 54 = -2*a, -c*v - 2*a + 68 = a. What are the prime factors of v?
13
Suppose 23*g = 24*g - 201. What are the prime factors of g?
3, 67
Let q(c) be the second derivative of -c**3/6 + 15*c**2 + 3*c. Let z be q(0). Suppose -4*s + z = -s. What are the prime factors of s?
2, 5
Suppose -4*s + 47 + 29 = 0. Let i = s + 3. List the prime factors of i.
2, 11
Suppose 3*j + 2*z - 19 = 0, -2*z = -3*j + 26 - 3. Let m = j + 20. Let g = m + -19. List the prime factors of g.
2
Suppose 6*g - 222 = 900. What are the prime factors of g?
11, 17
Let v = 4 - 2. Suppose 4 + 2 = v*j. List the prime factors of (12 + j)/3 - 2.
3
Let l be 9/18 - (-1)/2. Suppose 7 = 2*y - l. List the prime factors of y.
2
List the prime factors of (-4)/30 - (-1586)/195.
2
Suppose -12*k + 514 = -10*k. What are the prime factors of k?
257
What are the prime factors of ((-1)/((-9)/(-6)))/((-4)/1518)?
11, 23
What are the prime factors of 26*147/30 - (-4)/(-10)?
127
Let k = 337 + -128. What are the prime factors of k?
11, 19
Let b = -32 + 66. List the prime factors of b.
2, 17
Let l(i) = 19*i**3 - i**2 + 5. What are the prime factors of l(2)?
3, 17
Suppose -2*t - 2*t = -32. Suppose 2*i - 17 = -2*g + 5*i, 5*g + 4*i - t = 0. What are the prime factors of g?
2
Suppose d - 5*n - 4 = 1, -3*n = -3*d + 27. Let p(q) = -9*q**2 - 4*q + 2*q - 3 + d*q**2. List the prime factors of p(-2).
5
Suppose -59 = -2*i - 5*s, -s - 120 = -3*i - 40. What are the prime factors of i?
3
Suppose 3*r - 4 - 23 = 0. List the prime factors of r.
3
Let q(t) be the first derivative of t**4/4 - 5*t**3/3 + 3*t**2/2 + 6*t - 5. List the prime factors of q(5).
3, 7
Suppose -5*s + 4*r = -2*s - 35, 5*r - 26 = -4*s. Let k = 0 + s. Let q = 18 - k. List the prime factors of q.
3
Let z = -27 - -33. Let m = 6 - 8. Let w = m + z. List the prime factors of w.
2
Let i(y) = -y**3 + 5*y**2 + 2*y - 1. Suppose 0 = -5*c + 25, -2*a - a - 5*c = -37. Let m be i(a). Let p = 35 - m. What are the prime factors of p?
2, 3
Let h(u) = u**2 - 7*u - 6. Let r be h(8). Suppose -2*d + 0*s + 4*s + r = 0, -11 = -3*d + 2*s. What are the prime factors of d?
5
Let i be ((-6)/(-6))/(3/9). List the prime factors of (-72)/16*(-22)/i.
3, 11
Let z be 10/(-25) - (-3)/(-5). What are the prime factors of (-506)/(-12) - z/(-6)?
2, 3, 7
Let v be ((-12)/(-8))/(1/2). Let f(l) = l**3 + 2*l**2 + 1. List the prime factors of f(v).
2, 23
Suppose 5*a + 15 = -10. Let y(l) = l**2 - 2 - 6*l + 3*l**3 - 5*l**3 + 3*l**3 + 3*l**2. What are the prime factors of y(a)?
3
What are the prime factors of (13 + -22)*(-1 - 5)?
2, 3
Let p = 190 + -81. What are the prime factors of p?
109
Suppose 2*q + r = 5*r + 96, 4*q - 228 = -r. What are the prime factors of q?
2, 7
Let c be (3 - 2)/2*-2. Let x = c + 7. What are the prime factors of x/((2 - 1)*2)?
3
Let a = -68 - -182. List the prime factors of a.
2, 3, 19
Let s(o) = -o - 2. Let a be 158/(-12) - 3/(-18). What are the prime factors of s(a)?
11
Let z = -8 - -14. Let p(g) = 2*g - 6. What are the prime factors of p(z)?
2, 3
Suppose l = 14 + 39. Let z = l - 37. What are the prime factors of z?
2
Suppose 3*t - 115 = 5*y, -3*t + 2*y + 62 = -47. What are the prime factors of t?
5, 7
Let w(l) = l**3 - 6*l**2 + 10*l - 8. Let q be w(8). Suppose 0 = 5*y + 25 - q. What are the prime factors of y?
5, 7
Let c(s) = 2*s**2 - 1. Let p be c(3). Suppose 0 = -2*n + 5*w + p + 10, -5*n = w - 54. List the prime factors of n.
11
Let d be 4/(-6)*(-6)/(-4). Let u be (d + -19)/((-10)/25). Suppose 4*l - u = -l. What are the prime factors of l?
2, 5
Suppose 2*t + 4*i - 165 = 7*i, -3*i = 3*t - 270. List the prime factors of t.
3, 29
Let y(a) = a**2 + 9*a + 9. Let h be y(-8). What are the prime factors of 15/20*h*20?
3, 5
Let q(x) = -x + 2. Let m be q(-4). Let b(k) = 2*k - 9. Let g be b(m). Suppose 3*f = 2*f + g. What are the prime factors of f?
3
Let d = 11 - 17. List the prime factors of d/(-27)*-6*-12.
2
Let c(x) = 2*x**3 - 2*x. Let z be c(2). Suppose -o - 11 = -3*p + z, 0 = 2*p + 3*o - 8. What are the prime factors of p?
7
Let b(w) = w**3 + 4*w**2 - 2*w + 6. Let z be b(-5). Let i = 5 - z. What are the prime factors of i?
2, 7
Let z(p) = -2*p**3 + p**2 - p - 2. Let j be z(3). List the prime factors of (-163)/(-5) + (-20)/j.
3, 11
Let u = 1 + 4. Suppose 0 = -u*v - 15, 0*h + 2*v = -h + 8. List the prime factors of h.
2, 7
Suppose 4 = -i + 2*i. Suppose i*m = 4 + 12. Let y(n) = n**2 - 3*n + 1. List the prime factors of y(m).
5
Suppose -3*k - 677 = -2*d, -2*k = -2*d + 659 + 23. What are the prime factors of d?
2, 173
Suppose 3*r - 5*r + 5*v = -651, 5*v + 969 = 3*r. What are the prime factors of r?
2, 3, 53
Let c be (-234)/(-14) - (-8)/28. Suppose 33 + c = 5*t. What are the prime factors of t?
2, 5
Suppose h = 28 + 24. List the prime factors of h.
2, 13
Let f(g) = 2*g**2 - 5*g + 6. What are the prime factors of f(5)?
31
Suppose 5*b + 2*v - 466 = 3*v, -2*b = 5*v - 208. What are the prime factors of b?
2, 47
Let c be (0 - 0) + 87/3. Let o = 64 - c. Suppose -2*x = -7*x + o. List the prime factors of x.
7
Suppose -4*m - 2*b = -m + 18, 2*m + 5*b + 12 = 0. Let c = -14 - -95. What are the prime factors of 3/m - c/(-6)?
13
Let x = 107 + -50. List the prime factors of x.
3, 19
Suppose -2*i - i = 144. What are the prime factors of ((-2)/4)/(4/i)?
2, 3
Suppose 